 = 17*z**3 + 33*z**2 - 30*z - 1. Give o(1).
19
Let m(d) = 11*d**3 + 2*d**2 + 22*d + 31. What is m(-2)?
-93
Let z(o) = -3*o - 273. Determine z(-85).
-18
Let i(f) = 7*f**2 - 37*f + 31. Determine i(4).
-5
Let q(t) = 4*t - 35. Calculate q(8).
-3
Let b(z) = 261*z - 1501. What is b(5)?
-196
Let w(m) = 25*m + 1404. Give w(-58).
-46
Let d(p) = -85*p + 1546. Give d(7).
951
Let j(h) = 5*h**2 + 59*h - 276. Determine j(6).
258
Let i(z) = 2*z**2 + 81*z + 545. Give i(-9).
-22
Let p(x) = -3*x**2 - 176*x - 1054. Give p(-7).
31
Let r(g) = -59*g**2 - 22*g - 17. Determine r(-2).
-209
Let l(n) = n**3 + 55*n**2 - 15*n - 820. What is l(-55)?
5
Let t(r) = 2*r**2 - 62*r + 445. What is t(25)?
145
Let v(b) = 6*b**3 + 251*b**2 - 66*b - 1020. Give v(-42).
-12
Let f(n) = -163*n**2 + 1313*n - 73. Determine f(8).
-1
Let l(v) = -147*v + 1806. Calculate l(12).
42
Let w(n) = 2*n**2 + 41*n - 35. Give w(-24).
133
Let a(p) = -40*p + 160. Give a(8).
-160
Let v(j) = j**3 + 24*j**2 + 9*j - 74. What is v(-23)?
248
Let q(u) = -10596*u + 63590. Determine q(6).
14
Let k(o) = -o**3 + 5*o**2 + 261*o - 56. Give k(-14).
14
Let a(c) = 532*c - 5322. What is a(10)?
-2
Let j(k) = 141*k + 12001. What is j(-85)?
16
Let x(q) = -331*q + 61553. What is x(186)?
-13
Let v(g) = 1864*g - 9287. Calculate v(5).
33
Let a(i) = i**3 - 6*i**2 - 19*i + 41. Calculate a(7).
-43
Let a(i) = -i**2 + i + 1735. Give a(42).
13
Let f(r) = 158*r**2 + 59*r + 58. Determine f(-1).
157
Let c(x) = -2*x + 150. What is c(-31)?
212
Let r(a) = -78*a + 469. Determine r(6).
1
Let h(w) = 2*w**3 - 19*w**2 - 18*w + 84. Determine h(10).
4
Let f(i) = 6*i**3 - 5*i + 6. Give f(1).
7
Let r(u) = u**3 + 41*u**2 - 80*u + 219. Give r(-43).
-39
Let q(g) = -6*g**2 + 91*g - 373. What is q(4)?
-105
Let h(w) = 13*w - 219. Determine h(17).
2
Let b(v) = 8*v**2 + 57*v - 25. Give b(-10).
205
Let p(u) = -114*u - 3151. Determine p(-27).
-73
Let k(p) = 2*p + 35. Calculate k(-14).
7
Let m(w) = 2*w**3 - 24*w**2 - 85*w + 10. Calculate m(-4).
-162
Let g(f) = 4*f**2 + 150*f + 1298. What is g(-24)?
2
Let x(d) = 6*d**2 + 199*d + 21. Determine x(-33).
-12
Let d(x) = 15*x**3 + 50*x**2 + x - 1. What is d(-3)?
41
Let x(r) = -27*r**3 + 574*r**2 - 146*r - 14. Give x(21).
7
Let i(u) = -88*u + 390. Calculate i(4).
38
Let t(g) = -g**2 + 38*g + 4. Give t(38).
4
Let i(b) = 62*b**2 + 8*b + 6. Give i(-2).
238
Let v(l) = 209*l - 404. Calculate v(3).
223
Let g(w) = -3*w**2 - 1049*w + 3159. Determine g(3).
-15
Let z(h) = -9*h**3 + 11*h - 20. Calculate z(2).
-70
Let q(y) = -2*y**3 + 91*y**2 - 40*y - 227. Give q(45).
-2
Let l(p) = p**3 - 15*p**2 - 59*p + 120. What is l(18)?
30
Let k(g) = -3379*g - 13434. Give k(-4).
82
Let x(y) = -2732*y + 8213. Give x(3).
17
Let w(l) = -34*l**2 - 7*l - 6. Calculate w(-1).
-33
Let p(l) = -2*l**3 - 2*l**2 + 75*l + 35. What is p(-10)?
1085
Let r(l) = 2*l**2 - 315*l - 3002. What is r(-9)?
-5
Let l(z) = -z**2 + 2*z + 3. Give l(-2).
-5
Let j(u) = 5*u + 273. Determine j(-82).
-137
Let y(c) = c**3 - 22*c**2 + 44*c - 122. Determine y(20).
-42
Let r(y) = -2*y**2 - 73*y - 454. Give r(-30).
-64
Let i(d) = -12*d + 62. What is i(4)?
14
Let n(q) = q**3 + 56*q**2 + 104*q - 204. Give n(-54).
12
Let j(s) = 3*s**2 + 84*s + 578. Calculate j(-12).
2
Let i(o) = 218*o + 9374. Determine i(-43).
0
Let o(l) = l**3 - 4*l**2 - 6*l - 29. Determine o(6).
7
Let b(a) = 102*a + 512. What is b(-5)?
2
Let p(f) = f**2 + 113*f - 718. Determine p(-119).
-4
Let d(k) = k**2 - 75*k + 895. Calculate d(63).
139
Let a(g) = -3*g**3 - 3*g**2 + 48*g - 50. Give a(3).
-14
Let j(z) = -19679*z - 39344. Determine j(-2).
14
Let t(f) = 376*f - 24059. What is t(64)?
5
Let c(o) = 116*o**2 - 1040*o - 20. Calculate c(9).
16
Let k(s) = s**2 - 38*s + 329. Give k(23).
-16
Let w(q) = -q**3 - 36*q**2 + 192*q - 2532. Give w(-42).
-12
Let w(r) = -4*r**2 - 597*r - 1322. Determine w(-147).
1
Let s(h) = -h**3 - 23*h**2 - 934*h - 22988. Determine s(-24).
4
Let o(q) = q**2 + 15*q - 347. What is o(13)?
17
Let w(r) = -r**3 + 17*r**2 + 10*r + 154. Give w(18).
10
Let q(t) = t**3 + 13*t**2 + 32*t + 7. Calculate q(-9).
43
Let v(x) = 3*x**2 - 39*x - 1391. What is v(-16)?
1
Let y(a) = -9*a + 265. Calculate y(22).
67
Let s(m) = m**3 - 29*m**2 - 48*m + 92. What is s(30)?
-448
Let x(u) = -158*u + 1061. What is x(7)?
-45
Let f(g) = -18*g**2 + 282*g + 565. What is f(-2)?
-71
Let f(c) = -28*c + 2877. Determine f(102).
21
Let h(w) = -w**3 - 34*w**2 + 505*w + 457. Determine h(-45).
7
Let g(n) = 3*n**2 - 75*n - 387. Calculate g(-5).
63
Let o(c) = c**3 + 39*c**2 - 420*c - 2065. What is o(-47)?
3
Let f(y) = 4*y**3 - 34*y**2 - 26*y + 87. Calculate f(9).
15
Let t(d) = -d**3 + 8*d**2 + 12*d - 77. Give t(7).
56
Let i(r) = -r**2 + 138*r - 1411. Determine i(11).
-14
Let x(s) = 3*s**3 - 4*s**2 + 18*s - 62. Calculate x(5).
303
Let j(a) = -58*a + 12491. Give j(216).
-37
Let h(v) = v**3 - 10*v**2 + 29*v - 23. What is h(8)?
81
Let h(g) = -g**2 + 32*g - 251. Determine h(23).
-44
Let c(y) = -291*y - 4074. What is c(-14)?
0
Let p(h) = -h**3 + 16*h**2 + 252*h + 217. Determine p(26).
9
Let m(d) = 285*d + 14816. Determine m(-52).
-4
Let o(i) = -923*i + 4188. What is o(5)?
-427
Let w(v) = -85*v - 6457. Give w(-76).
3
Let h(w) = 738*w - 2949. Give h(4).
3
Let s(c) = -25*c**2 - 181*c - 47. Calculate s(-7).
-5
Let o(s) = -3*s**3 - 110*s**2 + 41*s + 126. What is o(-37)?
-22
Let a(w) = -52*w - 1012. What is a(-21)?
80
Let q(h) = 791*h + 6306. Determine q(-8).
-22
Let x(l) = 45*l**2 + 64*l - 69. Determine x(1).
40
Let s(o) = -o**3 - 51*o**2 - 488*o + 80. Give s(-13).
2
Let l(r) = r**2 - 13*r - 11. Calculate l(13).
-11
Let p(r) = 2*r + 136. Determine p(-13).
110
Let z(j) = j**3 - 22*j**2 - 87*j + 868. What is z(24)?
-68
Let t(f) = f**3 - 75*f**2 - 312*f - 307. What is t(79)?
9
Let k(b) = b**3 + 14*b**2 - 29*b - 250. Give k(-13).
296
Let c(j) = -195*j + 1024. Calculate c(5).
49
Let b(c) = 1929*c + 117661. Determine b(-61).
-8
Let m(i) = 2*i**2 - 90*i - 7. Give m(20).
-1007
Let u(a) = 147*a - 514. What is u(3)?
-73
Let j(h) = -37*h**2 + 15*h - 30. Give j(2).
-148
Let z(g) = 77*g - 3460. Calculate z(45).
5
Let n(p) = p**2 - 6*p - 59. Calculate n(-5).
-4
Let s(j) = 7*j**2 - 13*j - 19. Calculate s(5).
91
Let r(q) = q**3 + 10*q**2 + 2*q + 3. Calculate r(-7).
136
Let x(r) = -r**3 - 26*r**2 - 32*r - 43. Give x(-25).
132
Let k(r) = 2931*r - 55685. What is k(19)?
4
Let b(u) = 21*u + 2011. Calculate b(-77).
394
Let w(b) = b**2 - 33*b + 194. Calculate w(28).
54
Let r(k) = k**3 - 16*k**2 + 74*k - 79. What is r(7)?
-2
Let w(l) = -l**3 - 13*l**2 - 48*l - 15. Give w(-9).
93
Let m(q) = -127*q + 4299. Calculate m(34).
-19
Let x(a) = 12*a**2 + 65*a - 33. Determine x(-6).
9
Let q(g) = g**2 - 11*g - 47. Calculate q(13).
-21
Let k(r) = r**3 - 29*r**2 + 98*r - 525. Give k(26).
-5
Let h(z) = -52*z - 10. Determine h(2).
-114
Let j(n) = -n**2 + 551*n - 13152. Calculate j(25).
-2
Let c(r) = -18*r**2 + 1099*r - 70. What is c(61)?
-9
Let j(y) = y**3 - 41*y**2 + 40*y - 5. Calculate j(40).
-5
Let u(h) = 3*h - 26. Give u(-21).
-89
Let w(s) = 112*s - 3647. Determine w(39).
721
Let a(k) = 2*k**2 - 5*k + 219. Determine a(0).
219
Let p(z) = -213*z - 2816. What is p(-13)?
-47
Let q(z) = 85*z**3 + 3*z**2 + 34*z + 8. Give q(0).
8
Let d(h) = h**3 - 39*h**2 - 80*h - 90. Determine d(41).
-8
Let y(x) = 30*x + 1789. Determine y(-60).
-11
Let c(a) = 30*a**2 + 6845*a + 1121. Give c(-228).
-19
Let x(z) = -4*z**2 + 55*z - 121. Calculate x(17).
-342
Let v(z) = 2*z**2 - 47*z - 31. Determine v(28).
221
Let r(w) = -w**3 + 6*w**2 + 10*w - 50. Calculate r(6).
10
Let o(a) = 5*a**3 - 76*a**2 + 42*a - 417. Give o(15).
-12
Let q(d) = -d**3 - 11*d**2 + 44*d - 573. Give q(-16).
3
Let l(c) = -c**2 - 482*c - 19269. Determine l(-438).
3
Let a(s) = s**2 - 16*s - 3. Give a(15).
-18
Let h(n) = -19954*n - 159634. Give h(-8).
-2
Let r(v) = v**3 + 51*v**2 + 232*v - 134. Give r(-46).
-226
Let h(b) = -176*b**2 - 4*b + 6. Calculate h(1).
-174
Let o(j) = -452*j - 9037. Give o(-20).
3
Let n(o) = -o**3 - 51*o**2 - 233*o - 132. Give n(-46).
6
Let q(j) = -2*j**2 + 39*j - 180. What is q(24)?
-396
Let h(n) = n**3 + 75*n**2 - 2*n - 129. Give h(-75).
21
Let d(i) = -23*i**2 + 212*i - 20. Determine d(9).
25
Let m(u) = 2*u**3 - 8*u**2 + 59*u - 400. Determine m(7).
307
Let k(w) = 170*w - 2720. Give k(16).
0
Let v(h) = 99*h + 1061. Cal